{"id":478,"date":"2015-02-19T14:48:17","date_gmt":"2015-02-19T13:48:17","guid":{"rendered":"http:\/\/technik-akademie-tuebingen.de\/?page_id=478"},"modified":"2015-02-22T11:54:54","modified_gmt":"2015-02-22T10:54:54","slug":"foerster-azubi","status":"publish","type":"page","link":"http:\/\/technik-akademie-tuebingen.de\/2015\/unternehmen\/foerster\/foerster-azubi\/","title":{"rendered":"Elektroniker f\u00fcr Ger\u00e4te und Systeme"},"content":{"rendered":"<p>Tim Bauer (17) macht bei Institut Dr. Foerster eine Ausbildung zum &#8222;Elektroniker f\u00fcr Ger\u00e4te und Systeme&#8220;. Daf\u00fcr sollte man man mindestens die mittlere Reife haben. Er hat eineinhalb Tage Schule pro Woche, die restliche Zeit verbringt er die Ausbildung im Betrieb. Er war schon immer technisch interssiert und hatte keine Lust mehr in die Schule zu gehen, deshalb hat er sich f\u00fcr eine betriebliche Ausbildung entschieden. F\u00fcr die Firma F\u00f6rster hat er sich entschieden, weil er bei seinem Praktikum einen positiven Eindruck von dieser Firma hatte.<\/p>\n","protected":false},"excerpt":{"rendered":"<p>Tim Bauer (17) macht bei Institut Dr. Foerster eine Ausbildung zum &#8222;Elektroniker f\u00fcr Ger\u00e4te und Systeme&#8220;. Daf\u00fcr sollte man man mindestens die mittlere Reife haben. Er hat eineinhalb Tage Schule pro Woche, die restliche Zeit verbringt er die Ausbildung im Betrieb. Er war schon immer technisch interssiert und hatte keine Lust mehr in die Schule [&hellip;]<\/p>\n","protected":false},"author":2,"featured_media":0,"parent":100,"menu_order":0,"comment_status":"closed","ping_status":"closed","template":"","meta":{"_monsterinsights_skip_tracking":false,"_monsterinsights_sitenote_active":false,"_monsterinsights_sitenote_note":"","_monsterinsights_sitenote_category":0,"footnotes":""},"class_list":["post-478","page","type-page","status-publish","hentry"],"_links":{"self":[{"href":"http:\/\/technik-akademie-tuebingen.de\/2015\/wp-json\/wp\/v2\/pages\/478","targetHints":{"allow":["GET"]}}],"collection":[{"href":"http:\/\/technik-akademie-tuebingen.de\/2015\/wp-json\/wp\/v2\/pages"}],"about":[{"href":"http:\/\/technik-akademie-tuebingen.de\/2015\/wp-json\/wp\/v2\/types\/page"}],"author":[{"embeddable":true,"href":"http:\/\/technik-akademie-tuebingen.de\/2015\/wp-json\/wp\/v2\/users\/2"}],"replies":[{"embeddable":true,"href":"http:\/\/technik-akademie-tuebingen.de\/2015\/wp-json\/wp\/v2\/comments?post=478"}],"version-history":[{"count":12,"href":"http:\/\/technik-akademie-tuebingen.de\/2015\/wp-json\/wp\/v2\/pages\/478\/revisions"}],"predecessor-version":[{"id":893,"href":"http:\/\/technik-akademie-tuebingen.de\/2015\/wp-json\/wp\/v2\/pages\/478\/revisions\/893"}],"up":[{"embeddable":true,"href":"http:\/\/technik-akademie-tuebingen.de\/2015\/wp-json\/wp\/v2\/pages\/100"}],"wp:attachment":[{"href":"http:\/\/technik-akademie-tuebingen.de\/2015\/wp-json\/wp\/v2\/media?parent=478"}],"curies":[{"name":"wp","href":"https:\/\/api.w.org\/{rel}","templated":true}]}}