{"id":85,"date":"2015-02-17T11:27:23","date_gmt":"2015-02-17T10:27:23","guid":{"rendered":"http:\/\/technik-akademie-tuebingen.de\/?page_id=85"},"modified":"2015-02-20T18:49:19","modified_gmt":"2015-02-20T17:49:19","slug":"schmalenberger","status":"publish","type":"page","link":"http:\/\/technik-akademie-tuebingen.de\/2015\/unternehmen\/schmalenberger\/","title":{"rendered":"Schmalenberger GmbH"},"content":{"rendered":"<p>Seit 1954 hat Schmalenberger die Pumpentechnologie kontinuierlich weiterentwickelt und ausgebaut \u2013 von Standardpumpen bis zu elektronisch \u00fcberwachten Pumpensystemen. Heute hat sich unser Familienunternehmen als einer der f\u00fchrenden Anbieter von Kreiselpumpen f\u00fcr den gesamten Prozess der K\u00fchlmittelver- und -entsorgung in der zerspanenden Industrie etabliert. Innovative Pumpentechnik liefert Schmalenberger f\u00fcr den Einsatz in unterschiedlichsten Bereichen im Maschinenbau sowie in der Verfahrens- und Umwelttechnik. In der Schwimmbadtechnik ist Schmalenberger seit 1970 wegweisend in der Entwicklung und Produktion von Schwimmbadattraktionen und der Beratung von Architekten, Planern und Betreibern von Spa\u00dfb\u00e4dern, Hotelb\u00e4dern, aber auch des Schwimmbadfachhandels.<\/p>\n<p>Dem Selbstverst\u00e4ndnis als Partner f\u00fcr den Know-how- und Technologie-Transfer entsprechend, gibt Schmalenberger Unternehmen entscheidende Impulse f\u00fcr die Produkt- und Kostenoptimierung in der Entwicklung und Fertigung \u2013 mit standardisierten Baureihen und als Anbieter individueller L\u00f6sungen, aber auch mit immer neuen Entwicklungen, die Leistung, Wirtschaftlichkeit und Energieeffizienz deutlich erh\u00f6hen. Den Faktor Total Cost of Ownership im Blick, nimmt Schmalenberger Str\u00f6mungstechnologie heute schon Standards vorweg, die Gesetzgebung und Markt erst zuk\u00fcnftig fordern.<\/p>\n<p>&nbsp;<\/p>\n<p>Nachhaltigkeit<\/p>\n<p>Bei der Entwicklung ressourcenschonender Technologien geht Schmalenberger mit gutem Beispiel voran. Aus Verantwortung gegen\u00fcber der Umwelt, aber auch mit der Zielsetzung, laufende Kosten f\u00fcr Betreiber so gering wie m\u00f6glich zu halten, setzt das Unternehmen auf Nachhaltigkeit. \u201eGreen Technology\u201c ist hier fest in der Produktphilosophie verankerte gelebte Realit\u00e4t.<\/p>\n<p>F\u00fcr Anwender sichtbar dokumentiert wird Nachhaltigkeit durch das Efficiency-Label, die Schmalenberger Garantie f\u00fcr optimierte Leistung bzw. Energienutzung. Es kennzeichnet unter anderem Produkte, die durch die Veredelung mit verschlei\u00dffesten Werkstoffen und durch den Einsatz von Motoren bis hin zu Effizienzklasse IE4 schon heute der Zeit weit voraus sind. Mit Konstruktionen in vereinfachter Bauweise geht Schmalenberger einen weiteren Schritt in die richtige Richtung. Leicht zerlegbare Komponenten lassen sich umweltfreundlich recyclen und k\u00f6nnen ressourcenschonend der Wiederverwertung zugef\u00fchrt werden.<\/p>\n<p><strong>Zurzeit befindet sich die Firma Schmalenberger in einer energetischen Sanierungsphase, um auf lange Sicht eine umweltvertr\u00e4gliche und ressourcenschonende Produktion zu erm\u00f6glichen.<\/strong><\/p>\n\n\t\t<!-- MasterSlider -->\n\t\t<div id=\"P_MS69e1d0bd802d5\" class=\"master-slider-parent msl ms-parent-id-19\" style=\"max-width:714px;\">\n\n\t\t\t\n\t\t\t<!-- MasterSlider Main -->\n\t\t\t<div id=\"MS69e1d0bd802d5\" class=\"master-slider ms-skin-default\" >\n\t\t\t\t \t\t\t\t \n\t\t\t\t<div  class=\"ms-slide\" data-delay=\"3\" data-fill-mode=\"fill\"  >\n\t\t\t\t\t<img decoding=\"async\" src=\"http:\/\/technik-akademie-tuebingen.de\/2015\/wp-content\/plugins\/master-slider\/public\/assets\/css\/blank.gif\" alt=\"\" title=\"\" data-src=\"http:\/\/technik-akademie-tuebingen.de\/2015\/wp-content\/uploads\/2015\/02\/schmalenberger_web-714x500.png\" \/>\n\n\t\t\t\t\t<div class=\"ms-info ms-info-empty\">&nbsp;<\/div>\n\n\n\t<img decoding=\"async\" class=\"ms-thumb\" src=\"http:\/\/technik-akademie-tuebingen.de\/2015\/wp-content\/uploads\/2015\/02\/schmalenberger_web-100x80.png\" alt=\"\" \/>\n\t<div class=\"ms-thumb\" ><div class=\"ms-tab-context\"><div class=&quot;ms-tab-context&quot;><\/div><\/div>\n<\/div>\n\t\t\t\t<\/div>\n\t\t\t\t<div  class=\"ms-slide\" data-delay=\"3\" data-fill-mode=\"fill\"  >\n\t\t\t\t\t<img decoding=\"async\" src=\"http:\/\/technik-akademie-tuebingen.de\/2015\/wp-content\/plugins\/master-slider\/public\/assets\/css\/blank.gif\" alt=\"\" title=\"\" data-src=\"http:\/\/technik-akademie-tuebingen.de\/2015\/wp-content\/uploads\/2015\/02\/IMG_0009_web2-714x500.png\" \/>\n\n\t\t\t\t\t<div class=\"ms-info ms-info-empty\">&nbsp;<\/div>\n\n\n\t<img decoding=\"async\" class=\"ms-thumb\" src=\"http:\/\/technik-akademie-tuebingen.de\/2015\/wp-content\/uploads\/2015\/02\/IMG_0009_web2-100x80.png\" alt=\"\" \/>\n\t<div class=\"ms-thumb\" ><div class=\"ms-tab-context\"><div class=&quot;ms-tab-context&quot;><\/div><\/div>\n<\/div>\n\t\t\t\t<\/div>\n\n\t\t\t<\/div>\n\t\t\t<!-- END MasterSlider Main -->\n\n\t\t\t \n\t\t<\/div>\n\t\t<!-- END MasterSlider -->\n\n\t\t<script>\n\t\t(function ( $ ) {\n\t\t\t\"use strict\";\n\n\t\t\t$(function () {\n\t\t\t\tvar masterslider_02d5 = new MasterSlider();\n\n\t\t\t\t\/\/ slider controls\n\t\t\t\tmasterslider_02d5.control('arrows'     ,{ autohide:true, overVideo:true  });\t\t\t\tmasterslider_02d5.control('bullets'    ,{ autohide:true, overVideo:true, dir:'h', align:'bottom' , margin:10  });\n\n\t\t\t\tmasterslider_02d5.control('thumblist'  ,{ autohide:false, overVideo:true, dir:'h', speed:17, inset:false, arrows:false, hover:false, customClass:'', align:'bottom',type:'thumbs', margin:10, width:100, height:80, space:5, fillMode:'fill'  });\n\t\t\t\tmasterslider_02d5.control('timebar'    ,{ autohide:false, overVideo:true, align:'top', color:'#0d7813'  , width:4 });\n\t\t\t\tmasterslider_02d5.control('slideinfo'  ,{ autohide:false, overVideo:true, dir:'h', align:'bottom',inset:false , margin:10   });\n\t\t\t\t\/\/ slider setup\n\t\t\t\tmasterslider_02d5.setup(\"MS69e1d0bd802d5\", {\n\t\t\t\t\t\twidth           : 714,\n\t\t\t\t\t\theight          : 500,\n\t\t\t\t\t\tminHeight       : 0,\n\t\t\t\t\t\tspace           : 0,\n\t\t\t\t\t\tstart           : 1,\n\t\t\t\t\t\tgrabCursor      : true,\n\t\t\t\t\t\tswipe           : true,\n\t\t\t\t\t\tmouse           : true,\n\t\t\t\t\t\tlayout          : \"boxed\",\n\t\t\t\t\t\twheel           : false,\n\t\t\t\t\t\tautoplay        : true,\n\t\t\t\t\t\tinstantStartLayers:false,\n\t\t\t\t\t\tloop            : false,\n\t\t\t\t\t\tshuffle         : false,\n\t\t\t\t\t\tpreload         : 0,\n\t\t\t\t\t\theightLimit     : true,\n\t\t\t\t\t\tautoHeight      : false,\n\t\t\t\t\t\tsmoothHeight    : true,\n\t\t\t\t\t\tendPause        : false,\n\t\t\t\t\t\toverPause       : true,\n\t\t\t\t\t\tfillMode        : \"fill\",\n\t\t\t\t\t\tcenterControls  : true,\n\t\t\t\t\t\tstartOnAppear   : false,\n\t\t\t\t\t\tlayersMode      : \"center\",\n\t\t\t\t\t\thideLayers      : false,\n\t\t\t\t\t\tfullscreenMargin: 0,\n\t\t\t\t\t\tspeed           : 20,\n\t\t\t\t\t\tdir             : \"h\",\n\t\t\t\t\t\tparallaxMode    : 'swipe',\n\t\t\t\t\t\tview            : \"basic\"\n\t\t\t\t});\n\n\t\t\t\t\n\t\t\t\twindow.masterslider_instances = window.masterslider_instances || [];\n\t\t\t\twindow.masterslider_instances.push( masterslider_02d5 );\n\t\t\t });\n\n\t\t})(jQuery);\n\t\t<\/script>\n\n\n","protected":false},"excerpt":{"rendered":"<p>Seit 1954 hat Schmalenberger die Pumpentechnologie kontinuierlich weiterentwickelt und ausgebaut \u2013 von Standardpumpen bis zu elektronisch \u00fcberwachten Pumpensystemen. Heute hat sich unser Familienunternehmen als einer der f\u00fchrenden Anbieter von Kreiselpumpen f\u00fcr den gesamten Prozess der K\u00fchlmittelver- und -entsorgung in der zerspanenden Industrie etabliert. Innovative Pumpentechnik liefert Schmalenberger f\u00fcr den Einsatz in unterschiedlichsten Bereichen im Maschinenbau [&hellip;]<\/p>\n","protected":false},"author":3,"featured_media":0,"parent":8,"menu_order":0,"comment_status":"closed","ping_status":"closed","template":"","meta":{"_monsterinsights_skip_tracking":false,"_monsterinsights_sitenote_active":false,"_monsterinsights_sitenote_note":"","_monsterinsights_sitenote_category":0,"footnotes":""},"class_list":["post-85","page","type-page","status-publish","hentry"],"_links":{"self":[{"href":"http:\/\/technik-akademie-tuebingen.de\/2015\/wp-json\/wp\/v2\/pages\/85","targetHints":{"allow":["GET"]}}],"collection":[{"href":"http:\/\/technik-akademie-tuebingen.de\/2015\/wp-json\/wp\/v2\/pages"}],"about":[{"href":"http:\/\/technik-akademie-tuebingen.de\/2015\/wp-json\/wp\/v2\/types\/page"}],"author":[{"embeddable":true,"href":"http:\/\/technik-akademie-tuebingen.de\/2015\/wp-json\/wp\/v2\/users\/3"}],"replies":[{"embeddable":true,"href":"http:\/\/technik-akademie-tuebingen.de\/2015\/wp-json\/wp\/v2\/comments?post=85"}],"version-history":[{"count":16,"href":"http:\/\/technik-akademie-tuebingen.de\/2015\/wp-json\/wp\/v2\/pages\/85\/revisions"}],"predecessor-version":[{"id":842,"href":"http:\/\/technik-akademie-tuebingen.de\/2015\/wp-json\/wp\/v2\/pages\/85\/revisions\/842"}],"up":[{"embeddable":true,"href":"http:\/\/technik-akademie-tuebingen.de\/2015\/wp-json\/wp\/v2\/pages\/8"}],"wp:attachment":[{"href":"http:\/\/technik-akademie-tuebingen.de\/2015\/wp-json\/wp\/v2\/media?parent=85"}],"curies":[{"name":"wp","href":"https:\/\/api.w.org\/{rel}","templated":true}]}}