{"id":27,"date":"2015-02-16T16:05:43","date_gmt":"2015-02-16T15:05:43","guid":{"rendered":"http:\/\/technik-akademie-tuebingen.de\/?page_id=27"},"modified":"2019-02-14T09:35:12","modified_gmt":"2019-02-14T08:35:12","slug":"home","status":"publish","type":"page","link":"https:\/\/technik-akademie-tuebingen.de\/2015\/","title":{"rendered":"Home"},"content":{"rendered":"<h2>Lernen statt Erholung &#8211; Freiwillig in der Technik Akademie T\u00fcbingen<\/h2>\n<p>Frei nach dem Motto \u201cLearning by Doing\u201d haben sich 28 motivierte Sch\u00fclerInnen mit herausragenden naturwissenschaftlichen Kenntnissen freiwillig zu einem Praktikum, bei verschiedenen <a title=\"Unternehmen\" href=\"http:\/\/technik-akademie-tuebingen.de\/unternehmen\/\">Unternehmen <\/a>in den Faschingsferien beworben.<br \/>\nSchon zum achten Mal gibt es unter der Schirmherrschaft des Regierungpr\u00e4sidiums T\u00fcbingen die Technik-Akademie.<br \/>\nNeben der T\u00e4tigkeit in den Unternehmen, die wir an anderer Stelle beschreiben m\u00f6chten, stand vor allem der Spa\u00df der Teilnehmer im Vordergrund. So haben wir einige Ausfl\u00fcge (N\u00e4heres unter \u201c<a title=\"Freizeit\" href=\"http:\/\/technik-akademie-tuebingen.de\/freizeit\/\">Freizeit<\/a>\u201d) unternommen, die uns durch ganz T\u00fcbingen f\u00fchren sollten. Unser Ausganspunkt, die Jugendherberge T\u00fcbingen, ist aufgrund ihrer zentralen Lage ideal daf\u00fcr geeignet.<br \/>\nDie Woche wird durch eine \u00f6ffentliche Pr\u00e4sentation am Samstag (in der&nbsp;Aula Uhlandstra\u00dfe&nbsp;T\u00fcbingen), bei der alle Teilnehmer ihre Arbeit vorstellen, abgerundet.<\/p>\n<p><script src=\"http:\/\/technik-akademie-tuebingen.de\/wp-content\/uploads\/2015\/02\/cookiechoices.js\"><\/script><script>\/\/ <![CDATA[\ndocument.addEventListener('DOMContentLoaded', function(event) {\n    cookieChoices.showCookieConsentBar('Durch die Benutzung dieser Seite stimmen Sie zu, dass wir Cookies setzen.',\n      'Ok', 'Mehr erfahren', 'http:\/\/technik-akademie-tuebingen.de\/impressum\/datenschutzerklaerung\/'\n);\n  });\n\/\/ ]]><\/script><\/p>\n","protected":false},"excerpt":{"rendered":"<p>Lernen statt Erholung &#8211; Freiwillig in der Technik Akademie T\u00fcbingen Frei nach dem Motto \u201cLearning by Doing\u201d haben sich 28 motivierte Sch\u00fclerInnen mit herausragenden naturwissenschaftlichen Kenntnissen freiwillig zu einem Praktikum, bei verschiedenen Unternehmen in den Faschingsferien beworben. Schon zum achten Mal gibt es unter der Schirmherrschaft des Regierungpr\u00e4sidiums T\u00fcbingen die Technik-Akademie. Neben der T\u00e4tigkeit in [&hellip;]<\/p>\n","protected":false},"author":5,"featured_media":0,"parent":0,"menu_order":0,"comment_status":"open","ping_status":"open","template":"","meta":{"_monsterinsights_skip_tracking":false,"_monsterinsights_sitenote_active":false,"_monsterinsights_sitenote_note":"","_monsterinsights_sitenote_category":0,"footnotes":""},"class_list":["post-27","page","type-page","status-publish","hentry"],"_links":{"self":[{"href":"https:\/\/technik-akademie-tuebingen.de\/2015\/wp-json\/wp\/v2\/pages\/27","targetHints":{"allow":["GET"]}}],"collection":[{"href":"https:\/\/technik-akademie-tuebingen.de\/2015\/wp-json\/wp\/v2\/pages"}],"about":[{"href":"https:\/\/technik-akademie-tuebingen.de\/2015\/wp-json\/wp\/v2\/types\/page"}],"author":[{"embeddable":true,"href":"https:\/\/technik-akademie-tuebingen.de\/2015\/wp-json\/wp\/v2\/users\/5"}],"replies":[{"embeddable":true,"href":"https:\/\/technik-akademie-tuebingen.de\/2015\/wp-json\/wp\/v2\/comments?post=27"}],"version-history":[{"count":21,"href":"https:\/\/technik-akademie-tuebingen.de\/2015\/wp-json\/wp\/v2\/pages\/27\/revisions"}],"predecessor-version":[{"id":926,"href":"https:\/\/technik-akademie-tuebingen.de\/2015\/wp-json\/wp\/v2\/pages\/27\/revisions\/926"}],"wp:attachment":[{"href":"https:\/\/technik-akademie-tuebingen.de\/2015\/wp-json\/wp\/v2\/media?parent=27"}],"curies":[{"name":"wp","href":"https:\/\/api.w.org\/{rel}","templated":true}]}}