{"id":83,"date":"2015-02-19T15:01:57","date_gmt":"2015-02-19T14:01:57","guid":{"rendered":"http:\/\/technik-akademie-tuebingen.de\/?page_id=83"},"modified":"2015-02-22T12:00:43","modified_gmt":"2015-02-22T11:00:43","slug":"zeltwanger-industriemechaniker","status":"publish","type":"page","link":"https:\/\/technik-akademie-tuebingen.de\/2015\/unternehmen\/zeltwanger\/zeltwanger-industriemechaniker\/","title":{"rendered":"Industriemechaniker"},"content":{"rendered":"<p>Simon Gerold (20) und Oliver Dewald (18) machen bei Zeltwanger eine Ausbildung zum Industriemechaniker. F\u00fcr diese Ausbildung ben\u00f6tigt man mindestens einen guten Hauptschulabschluss oder auch die mittlere Reife. W\u00e4hrend Simon eine verk\u00fcrzte zweij\u00e4hrige Ausbildung macht und einmal die Woche in die Berufsschule geht, macht Oliver eine dreieinhalbj\u00e4hrige Ausbildung und hat zwei Mal die Woche Schule.<br \/>\nSimon ist f\u00fcr diese Ausbildung extra von Hessen nach T\u00fcbingen umgezogen, da er ein duales Studium bevorzugt. Oliver dagegen wollte anfangen zu arbeiten und selbst Geld verdienen, anstatt noch weiter die Schule zu besuchen. Beide waren schon immer technisch interessiert, jedoch wollte Simon anfangs Polizist werden, hat sich dann aber umentschieden. Beide haben sich f\u00fcr die Firma Zeltwanger entschieden, da sie einen positiven Eindruck der Firma hatten und auch schon von der positiven Erfahrung anderer geh\u00f6rt haben.<\/p>\n<p>&nbsp;<\/p>\n<figure id=\"attachment_173\" aria-describedby=\"caption-attachment-173\" style=\"width: 750px\" class=\"wp-caption alignnone\"><a href=\"http:\/\/technik-akademie-tuebingen.de\/wp-content\/uploads\/2015\/02\/DSC_0001_image.jpg\"><img loading=\"lazy\" decoding=\"async\" class=\"wp-image-173 size-large\" src=\"http:\/\/technik-akademie-tuebingen.de\/wp-content\/uploads\/2015\/02\/DSC_0001_image-1024x685.jpg\" alt=\"Oliver Dewald und Simon Gerold - Auszubildende zu Industriemechanikern\" width=\"750\" height=\"502\" srcset=\"https:\/\/technik-akademie-tuebingen.de\/2015\/wp-content\/uploads\/2015\/02\/DSC_0001_image-1024x685.jpg 1024w, https:\/\/technik-akademie-tuebingen.de\/2015\/wp-content\/uploads\/2015\/02\/DSC_0001_image-300x201.jpg 300w, https:\/\/technik-akademie-tuebingen.de\/2015\/wp-content\/uploads\/2015\/02\/DSC_0001_image.jpg 1920w\" sizes=\"auto, (max-width: 750px) 100vw, 750px\" \/><\/a><figcaption id=\"caption-attachment-173\" class=\"wp-caption-text\">Oliver Dewald und Simon Gerold<br \/> &#8211; Auszubildende zu Industriemechanikern<\/figcaption><\/figure>\n<p>&nbsp;<\/p>\n<p>&nbsp;<\/p>\n","protected":false},"excerpt":{"rendered":"<p>Simon Gerold (20) und Oliver Dewald (18) machen bei Zeltwanger eine Ausbildung zum Industriemechaniker. F\u00fcr diese Ausbildung ben\u00f6tigt man mindestens einen guten Hauptschulabschluss oder auch die mittlere Reife. W\u00e4hrend Simon eine verk\u00fcrzte zweij\u00e4hrige Ausbildung macht und einmal die Woche in die Berufsschule geht, macht Oliver eine dreieinhalbj\u00e4hrige Ausbildung und hat zwei Mal die Woche Schule. [&hellip;]<\/p>\n","protected":false},"author":4,"featured_media":0,"parent":75,"menu_order":0,"comment_status":"closed","ping_status":"closed","template":"","meta":{"_monsterinsights_skip_tracking":false,"_monsterinsights_sitenote_active":false,"_monsterinsights_sitenote_note":"","_monsterinsights_sitenote_category":0,"footnotes":""},"class_list":["post-83","page","type-page","status-publish","hentry"],"_links":{"self":[{"href":"https:\/\/technik-akademie-tuebingen.de\/2015\/wp-json\/wp\/v2\/pages\/83","targetHints":{"allow":["GET"]}}],"collection":[{"href":"https:\/\/technik-akademie-tuebingen.de\/2015\/wp-json\/wp\/v2\/pages"}],"about":[{"href":"https:\/\/technik-akademie-tuebingen.de\/2015\/wp-json\/wp\/v2\/types\/page"}],"author":[{"embeddable":true,"href":"https:\/\/technik-akademie-tuebingen.de\/2015\/wp-json\/wp\/v2\/users\/4"}],"replies":[{"embeddable":true,"href":"https:\/\/technik-akademie-tuebingen.de\/2015\/wp-json\/wp\/v2\/comments?post=83"}],"version-history":[{"count":21,"href":"https:\/\/technik-akademie-tuebingen.de\/2015\/wp-json\/wp\/v2\/pages\/83\/revisions"}],"predecessor-version":[{"id":899,"href":"https:\/\/technik-akademie-tuebingen.de\/2015\/wp-json\/wp\/v2\/pages\/83\/revisions\/899"}],"up":[{"embeddable":true,"href":"https:\/\/technik-akademie-tuebingen.de\/2015\/wp-json\/wp\/v2\/pages\/75"}],"wp:attachment":[{"href":"https:\/\/technik-akademie-tuebingen.de\/2015\/wp-json\/wp\/v2\/media?parent=83"}],"curies":[{"name":"wp","href":"https:\/\/api.w.org\/{rel}","templated":true}]}}